{"id":8,"date":"2025-06-26T13:23:46","date_gmt":"2025-06-26T13:23:46","guid":{"rendered":"https:\/\/girl.dk\/?page_id=8"},"modified":"2025-07-09T11:35:01","modified_gmt":"2025-07-09T11:35:01","slug":"ego","status":"publish","type":"page","link":"https:\/\/girl.dk\/","title":{"rendered":""},"content":{"rendered":"<h1>Girl \u2013 popkultur, k\u00f8n og identitet<\/h1>\n<p>Ordet <strong>\u201cgirl\u201d<\/strong> er b\u00e5de simpelt og komplekst. P\u00e5 overfladen henviser det blot til et barn eller en ung kvinde. Men i popkulturens, internettets og identitetspolitikkens verden har \u201cgirl\u201d udviklet sig til noget meget mere. Det er blevet et sprog, et udtryk og et kulturelt v\u00e6rkt\u00f8j, der sp\u00e6nder fra empowerment til ironi, fra girlboss til e-girl.<\/p>\n<p>Denne artikel unders\u00f8ger \u201cgirl\u201d som kulturelt begreb: hvordan det bruges, hvad det betyder, og hvorfor det b\u00e5de hyldes og kritiseres i moderne samfund.<\/p>\n<h2>Fra barn til ikon<\/h2>\n<p>Traditionelt har \u201cgirl\u201d betydet en kvindelig person under voksenalderen. Men i b\u00e5de sprog og kultur er gr\u00e6nsen mellem <em>girl<\/em> og <em>woman<\/em> blevet mere flydende. I mange sammenh\u00e6nge bruges \u201cgirl\u201d nu ogs\u00e5 om voksne kvinder \u2013 enten for at signalere ungdom, f\u00e6llesskab eller en bestemt stil.<\/p>\n<p>Udtryk som <strong>\u201cgirls\u2019 night out\u201d<\/strong>, <strong>\u201chey girl\u201d<\/strong> og <strong>\u201cthe girls\u201d<\/strong> handler ikke n\u00f8dvendigvis om alder, men om social kode, k\u00f8nnet f\u00e6llesskab og tone. \u201cGirl\u201d er i dag ogs\u00e5 et kulturelt identitetsudtryk.<\/p>\n<h2>Girl i popkultur<\/h2>\n<p>Popkulturen har v\u00e6ret afg\u00f8rende for udviklingen af \u201cgirl\u201d som ikonisk begreb. Fra 90\u2019ernes <strong>\u201cgirl power\u201d<\/strong> (t\u00e6nk: Spice Girls) til 2010\u2019ernes <strong>\u201cgirlboss\u201d<\/strong>-\u00e6ra og nutidens TikTok-\u201cgirlies\u201d, har ordet \u00e6ndret form og betydning igen og igen.<\/p>\n<p>Eksempler fra popkultur:<\/p>\n<ul>\n<li><strong>Girl power:<\/strong> Feminint f\u00e6llesskab og styrke, s\u00e6rligt forbundet med 90&#8217;erne<\/li>\n<li><strong>Mean Girls:<\/strong> Satire og stereotyper om teenagepiger, men ogs\u00e5 en kultklassiker<\/li>\n<li><strong>Girls (HBO-serien):<\/strong> Millennials og kompleks kvindeidentitet i en usikker verden<\/li>\n<li><strong>VSCO girl \/ e-girl \/ clean girl:<\/strong> TikTok-subkulturer med st\u00e6rke \u00e6stetiske udtryk<\/li>\n<\/ul>\n<p>Ordet \u201cgirl\u201d er blevet en slags kulturel variabel \u2013 noget man kan tage p\u00e5, afkode og genfortolke, afh\u00e6ngig af tid og kontekst.<\/p>\n<h2>Girl og femininitet<\/h2>\n<p>\u201cGirl\u201d h\u00e6nger t\u00e6t sammen med forestillinger om <strong>femininitet<\/strong> \u2013 b\u00e5de i klassisk og nyfortolket forstand. Det kan handle om pastelfarver, neglelak og selfies \u2013 men ogs\u00e5 om s\u00e5rbarhed, styrke og samspil mellem k\u00f8n og identitet.<\/p>\n<p>I nogle tilf\u00e6lde bruges \u201cgirl\u201d til at hylde det feminine: <em>\u201cpretty girls can be smart too\u201d<\/em>. I andre tilf\u00e6lde bruges det kritisk eller ironisk: som et opg\u00f8r med de forventninger, der knytter sig til det at v\u00e6re pige eller kvinde.<\/p>\n<p>I LGBTQ+-milj\u00f8er og blandt unge kvinder (og nogle gange m\u00e6nd og nonbin\u00e6re personer) bruges \u201cgirl\u201d som et legende og frig\u00f8rende begreb \u2013 en m\u00e5de at udforske femininitet uden n\u00f8dvendigvis at v\u00e6re l\u00e5st fast i biologisk k\u00f8n.<\/p>\n<h2>Girlboss, girl dinner og girl math<\/h2>\n<p>I 2010\u2019erne fik vi <strong>\u201cgirlboss\u201d<\/strong> \u2013 et fors\u00f8g p\u00e5 at kombinere femininitet og erhvervssucces. Begrebet blev hurtigt popul\u00e6rt, men ogs\u00e5 kritiseret for at v\u00e6re overfladisk og kapitalistisk feminisme. Siden er det blevet ironiseret og omformet i netkulturen.<\/p>\n<p>I 2020\u2019erne har TikTok og sociale medier skabt nye girl-begreber:<\/p>\n<ul>\n<li><strong>Girl dinner:<\/strong> Sm\u00e5 snacks og tilf\u00e6ldige madkombinationer serveret med stolthed<\/li>\n<li><strong>Girl math:<\/strong> Sjove og absurde logikker om penge og forbrug, is\u00e6r brugt af kvinder<\/li>\n<li><strong>Girlhood:<\/strong> En mere \u00e6stetisk og poetisk hyldest til det feminine og bl\u00f8de<\/li>\n<\/ul>\n<p>Disse begreber blander selvironi, \u00e6stetik og social samh\u00f8righed \u2013 og skaber f\u00e6llesskaber baseret p\u00e5 sprog og leg.<\/p>\n<h2>Kritik og debat<\/h2>\n<p>Men \u201cgirl\u201d er ikke uproblematisk. Kritikere mener, at brugen af \u201cgirl\u201d om voksne kvinder kan v\u00e6re <strong>infantiliserende<\/strong> og bidrage til, at kvinder ikke tages alvorligt. Andre peger p\u00e5, at begrebet ofte udelukker mangfoldighed og repr\u00e6senterer en sn\u00e6ver, vestlig, hvid og slank kvindetype.<\/p>\n<p>Der er ogs\u00e5 en debat om, hvorvidt \u201cgirl culture\u201d fremmer forbrug, kropsfiksering og overfladiskhed \u2013 eller om det netop skaber rum for s\u00e5rbarhed, humor og f\u00e6llesskab. Sandheden er nok, at det afh\u00e6nger af, <em>hvordan<\/em> og <em>hvem<\/em> der bruger det.<\/p>\n<h2>Afrunding<\/h2>\n<p>\u201cGirl\u201d er et lille ord med stor r\u00e6kkevidde. Det rummer alt fra empowerment og \u00e6stetik til ironi og modstand. Det kan v\u00e6re b\u00e5de oprigtigt og performativt, b\u00e5de frig\u00f8rende og begr\u00e6nsende.<\/p>\n<p>I en digital tidsalder, hvor identitet formes i samspil med memes, TikToks og mikrof\u00e6llesskaber, er \u201cgirl\u201d blevet et levende begreb. Det er ikke noget, man n\u00f8dvendigvis <em>er<\/em> \u2013 men noget, man <em>g\u00f8r<\/em>. Og det g\u00f8r det til en af de mest interessante kulturelle mark\u00f8rer i vores tid.<\/p>\n","protected":false},"excerpt":{"rendered":"<p>Girl \u2013 popkultur, k\u00f8n og identitet Ordet \u201cgirl\u201d er b\u00e5de simpelt og komplekst. P\u00e5 overfladen henviser det blot til et barn eller en ung kvinde. Men i popkulturens, internettets og identitetspolitikkens verden har \u201cgirl\u201d udviklet sig til noget meget mere. &hellip; <a href=\"https:\/\/girl.dk\/\">Continue reading <span class=\"meta-nav\">&rarr;<\/span><\/a><\/p>\n","protected":false},"author":1,"featured_media":0,"parent":0,"menu_order":0,"comment_status":"closed","ping_status":"closed","template":"onecolumn-page.php","meta":{"footnotes":""},"class_list":["post-8","page","type-page","status-publish","hentry"],"_links":{"self":[{"href":"https:\/\/girl.dk\/index.php?rest_route=\/wp\/v2\/pages\/8","targetHints":{"allow":["GET"]}}],"collection":[{"href":"https:\/\/girl.dk\/index.php?rest_route=\/wp\/v2\/pages"}],"about":[{"href":"https:\/\/girl.dk\/index.php?rest_route=\/wp\/v2\/types\/page"}],"author":[{"embeddable":true,"href":"https:\/\/girl.dk\/index.php?rest_route=\/wp\/v2\/users\/1"}],"replies":[{"embeddable":true,"href":"https:\/\/girl.dk\/index.php?rest_route=%2Fwp%2Fv2%2Fcomments&post=8"}],"version-history":[{"count":6,"href":"https:\/\/girl.dk\/index.php?rest_route=\/wp\/v2\/pages\/8\/revisions"}],"predecessor-version":[{"id":18,"href":"https:\/\/girl.dk\/index.php?rest_route=\/wp\/v2\/pages\/8\/revisions\/18"}],"wp:attachment":[{"href":"https:\/\/girl.dk\/index.php?rest_route=%2Fwp%2Fv2%2Fmedia&parent=8"}],"curies":[{"name":"wp","href":"https:\/\/api.w.org\/{rel}","templated":true}]}}